2 - -745. Let p(g) = 3 - 2*g - 5 - 4 + h*g - 1. What is p(-4)?
-11
Let a be (-7)/(-2) + (-2)/4. Let r(l) be the third derivative of -l**5/30 + l**4/8 - l**3/2 + 3*l**2 + 13*l + 20. Calculate r(a).
-12
Let x(w) = 4*w**2 - 21*w + 33. Let p be x(14). Suppose -22*z + 127 = p. Let v(j) = j**2 + 17*j - 14. Calculate v(z).
4
Let d(w) = w**2 - 11*w - 307. Let y be d(-13). Let b(p) be the second derivative of -5/6*p**3 - 3/2*p**2 - 1/20*p**y - 5/12*p**4 + 5*p + 0. Determine b(-4).
1
Suppose -v - 514*o = -513*o - 7, -6*o = 2*v - 38. Let d(a) = -a - 3. Let t(q) = q + 2. Let p(b) = -3*d(b) - 5*t(b). Give p(v).
-3
Let w = -24 - -26. Suppose w*s + 12 = 92. Let m(r) = 6*r**2 + r**3 - 46 + 87 - s. Calculate m(-6).
1
Let b(a) = 2*a + 6. Let i = 30 + -42. Let j = i + 10. Let f be (-1)/(j/21*33/22). Determine b(f).
20
Let b(h) be the third derivative of h**5/30 + 11*h**4/24 + h**3/6 - 12*h**2 - 57. Calculate b(-5).
-4
Let a(c) = 1 - 304*c - 311*c + 618*c + 4 - 3. Calculate a(7).
23
Let w(v) = -v**3 + 0*v**2 - v**2 - 9*v**2 + 7*v**2. Let g be (-12)/(-8)*(1 + -5 + 2). Give w(g).
0
Suppose -5*n + g = -46, -n - 11*g + 7 = -9*g. Let l(m) = -m**2 + 9. Calculate l(n).
-72
Let v(s) = s**3 - 33*s**2 - 35*s + 34. Let t(q) = q**2 + 82*q + 346. Let w be t(-78). Give v(w).
0
Let g(m) be the second derivative of -m**3/6 - 7*m**2 - 522*m. Give g(-4).
-10
Let i be (-1540)/(-1650)*36/(-14)*(-10)/(-3). Let v(t) = -2*t**3 - 2 + 7*t**2 - 6*t - 1 + 3*t**3 + 12. Calculate v(i).
-7
Let b(y) = -y**3 - 6*y**2 - 4*y + 5. Suppose -2*z - 25 = -33. Suppose 7*g = z*r + 9*g + 12, -2*r - 4*g = -6. Calculate b(r).
0
Let w = -637 - -763. Let a be 8/84*-3 + 36/w. Let f(t) = t**3 - t + 1. Determine f(a).
1
Let g(b) = -2 - 1 - 2701*b - 2 + 2686*b + 7. Determine g(-4).
62
Suppose 0 = -5*m - 5*c + 625, -7*c - 6 = -5*c. Let a = m + -124. Let i(z) = -z**3 + z**2 + z + 2. What is i(a)?
-42
Let o be (-12 + 135/(-10))*(-2)/(-3). Let t(m) = -4*m - 65. Determine t(o).
3
Let j(t) = -13*t**3 + 24*t**2 - 22*t + 5. Let o(q) = 7*q**3 - 12*q**2 + 13*q - 2. Let w(u) = 6*j(u) + 11*o(u). Determine w(12).
140
Let o(x) = -x**2 + 5*x - 2. Suppose s - 2 = f, -3*s = -s + 5*f + 24. Let i be s*2 - (-3 + -1). Suppose 0 = d - y - 6, i = -2*d + 4*y - 0 + 16. Calculate o(d).
2
Let l = 61 - 56. Let z be -1 + l + -5 + 3. Let j(y) = -94*y**z - 92*y**2 + 187*y**2 - 5*y**3. Give j(-1).
6
Let t(x) = 2*x**3 - 20*x**2 + 28*x - 5. Suppose 42 = 32*m - 54. Let w(s) = -s**3 + 10*s**2 - 15*s + 2. Let u(j) = m*t(j) + 5*w(j). What is u(9)?
-5
Let s(d) = -519 + 178 + 6*d + 172 + 172. Determine s(1).
9
Let m(x) = x**3 + 8*x**2 - 6*x + 3. Let l(f) = -f**3 - 7*f**2 + 4*f - 3. Let v(z) = -4*l(z) - 3*m(z). Let u be 7/(7/(-76))*-1. Let h = -78 + u. Determine v(h).
7
Let j(w) = -w + 1. Let n(m) = 7*m - 5. Let q(f) = 6*j(f) + n(f). Suppose s - 6 = -3*p, -2*s + 0*p + p - 2 = 0. What is q(s)?
1
Let n(s) be the third derivative of 0*s**4 - 1/6*s**3 - 7/60*s**5 + 0*s - 2 - s**2. Determine n(1).
-8
Let l(z) = -z**2 + 1. Let m = 162 + -170. Let d(o) = -13*o - 106. Let y be d(m). What is l(y)?
-3
Suppose -21*a + 20*a = 0, 6 = -q - 5*a. Let n(o) = -o + 1. Let i(f) = 5*f + 18. Let x(y) = -i(y) - 2*n(y). Determine x(q).
-2
Suppose -30*p + 24441 = 24471. Let v(d) = 100*d**2 - 2*d - 1. Determine v(p).
101
Let a(c) = -4*c**3 + 22*c**2 + 5*c + 14. Let g(p) = -5*p**3 + 23*p**2 + 6*p + 15. Let l(q) = 6*a(q) - 5*g(q). Determine l(-17).
9
Let d(p) be the third derivative of -p**5/60 + 5*p**4/24 - p**3/3 + 2*p**2 + 64*p. Let z be 156/27 - 6/(-27). Determine d(z).
-8
Let v(m) be the second derivative of m**3/6 + m**2/2 - 16*m. Let z(y) = 5*y - 1. Let c(x) = 3*v(x) - z(x). Let k(t) = 3*t - 3. Let w be k(2). Determine c(w).
-2
Let s(m) = m**3 + 7*m**2 - 10*m - 13. Suppose -10320*j + 10313*j - 63 = 0. Determine s(j).
-85
Let n = 1 - -1. Suppose 0*l - 4 = 4*l, 0 = -4*o + n*l + 6. Let u(a) be the second derivative of -a**4/6 + a**3/6 - a**2/2 + 16*a. Determine u(o).
-2
Let p(w) = -w**2 + 7*w + 446. Let x be p(25). Let g(i) be the first derivative of 0 + 2*i + 2*i**2 + 2 - 3. What is g(x)?
-14
Let b be (16/10)/(-10*(-4)/300). Let f(o) = -o**2 + 9*o + 37. Determine f(b).
1
Let y(b) = -b - 15. Let o be y(-18). Suppose o*r = -2*f - 17, f - 5*r - 6 = 18. Let q be (-2 - -2 - -3) + (-14 - f). Let n(i) = -i - 9. Determine n(q).
1
Let i(b) = b**2 + 22*b + 101. Let g = 163 - 179. Let y be i(g). Let r(l) = l**2 - 4*l - 7. Give r(y).
-2
Suppose 0 = g - 6*g + 65. Let b(y) be the third derivative of y**6/120 - 7*y**5/30 + 7*y**4/12 - 5*y**3/2 - y**2 - 126*y. Determine b(g).
-2
Suppose -4*m + 10 = -146. Let n(q) = -m - 83*q + 24 + 70*q + q**2 - 2*q**2. Give n(-11).
7
Let t(v) = 12*v - 740. Let l(a) = -2*a + 245. Let k(z) = 3*l(z) + t(z). Let q = -1 + 5. Give k(q).
19
Let o(v) be the third derivative of -11*v**4/24 + 187*v**3/6 - 2*v**2 - 171*v. What is o(17)?
0
Let p(i) = 10*i**2 + 12*i + 744*i**3 - 1469*i**3 + 9 + 724*i**3. What is p(11)?
20
Let z(t) be the third derivative of -t**5/30 + t**4/6 - t**3/6 + 6075*t**2. What is z(-4)?
-49
Let a(n) = -n**3 - 8*n**2 - 4*n + 13. Let p be 0 - -3 - (1 + 2) - (-1239)/(-177). Give a(p).
-8
Let i(j) = -j**3 + 12*j**2 - 5*j + 17. Let g(n) = n**3 - 12*n**2 - 41*n - 48. Let d be g(15). What is i(d)?
-43
Let s(n) be the first derivative of n**2 - 10*n - 1027. Give s(-5).
-20
Suppose -2*b + 7 = 3*u - 6*b, 2*u + 3*b = 16. Suppose 22*g - 17*g - 15 = 0. Let s(z) = -5*z - 8*z**2 - g*z**2 + 2 - z**2 + 2 + 13*z**2. Give s(u).
4
Suppose 0 = -12*r - 1986 + 1890. Let q(o) = o**3 + 6*o**2 - 17*o - 19. What is q(r)?
-11
Let r(f) = -23*f**3 + 2*f**2 - 8. Let u(l) = 4*l**3 - l**2 - 1. Let o(p) = -r(p) - 6*u(p). What is o(5)?
-11
Let m(p) = 2*p**3 - 7*p**2 + 6*p - 5. Suppose 25*z = 22*z + 6. Let r be m(z). Let s(d) = d + 3. Give s(r).
-2
Let s(l) be the third derivative of -l**4/24 + 5*l**3/2 + 686*l**2. What is s(5)?
10
Let f(t) = -3*t**2 - 40*t - 16. Let o(a) = -2*a**2 - 27*a - 10. Let d(w) = -5*f(w) + 7*o(w). Let p be 6/(-1)*25/15. What is d(p)?
0
Let a(b) = -20 + 2*b + 7*b**2 + 9*b - 16*b**2 + 24765*b**3 - 24764*b**3. Determine a(8).
4
Suppose -23*j + 26*j - 12 = 0. Suppose -o + 23 = -t + 5*t, j*o - 2*t - 20 = 0. Let a be -6*o/(105/(-10)). Let p(s) = s**3 - 3*s**2 - 6*s + 6. What is p(a)?
-2
Suppose -4*f - 136 = -4*h - 100, h = 5*f + 45. Let d(y) = y**3 + 2*y**2 - 63*y + 10. What is d(f)?
10
Let s(b) = 1. Let p(u) = u**2 - 2*u - 2. Suppose -5*h + 15 = 5*y, 2*h - 5*y = 20 - 0. Suppose h*k = 2*k, -3*k + 3 = 3*a. Let c(f) = a*p(f) + 2*s(f). Give c(2).
0
Let h(a) be the third derivative of 7*a**4/12 + 55*a**3/6 - 2589*a**2 + 2. Give h(-2).
27
Let j(y) = -y**2 + 3*y + 4. Let a(z) be the first derivative of 2*z**2 + 17*z + 4. Let r be a(-9). Let w = 24 + r. Give j(w).
-6
Let y(s) be the second derivative of s**3/3 - 3*s**2/2 + 211*s. Let j(p) = 3*p + 11. Let u(z) = -j(z) + y(z). Calculate u(0).
-14
Let f(g) = -32*g + 165. Let p be f(5). Suppose -3*a + c = 10, -4*a + p*c - 7*c = 20. Let n(r) = 2 + 0*r + 0 + 5*r + 2*r**2. What is n(a)?
14
Let b(l) be the first derivative of l**4/4 - 12*l**3 + 112*l**2 - 11*l + 8146. What is b(28)?
-11
Let x(f) = f**2 + 15*f + 19. Let a = 4510 + -4523. Determine x(a).
-7
Let m(k) be the third derivative of 1/120*k**6 - 7/6*k**3 - 8 + 1/24*k**4 - 3*k**2 + 0*k + 1/10*k**5. What is m(-5)?
13
Let q be ((-2223)/72)/(-19) - (-18)/48. Let w(j) = 4*j**3 + j**2 - 2*j + 2. What is w(q)?
34
Let g be -3 + (9 - (-1 - 0)). Let n be g/(-1) + 1*(-10)/5. Let i(y) = -y**2 - 10*y - 1. Calculate i(n).
8
Suppose -2*d - 14 = s, 21*s - 19*s - 7 = d. Let u(t) = 9 - 5*t**2 + t + 4*t**2 - 2*t. Determine u(s).
9
Suppose -15*n + 30 = -5*n. Let v(c) = n*c - 2*c + 3*c - 5*c - 4. Let u(o) = -o**3 - 4*o**2 + 7*o + 7. Let r be u(-5). Determine v(r).
-1
Let q(u) = 13*u + 3. Let v(t) = 2*t + 2. Let j be v(-1). Suppose j = 3*l - 5*l + f + 12, 0 = f. Let x(g) = -7*g - 1. Let k(m) = l*q(m) + 11*x(m). What is k(6)?
13
Let i be 4/2*(-7)/2. Let j be 3/18 - (3 + (-205)/30). Let r(u) = u**2 + 6*u - 2 - j*u + 7*u - 3*u. Give r(i).
5
Let c be (4/8)/(1/(-10)). Let q(f) be the second derivative of -f**3 + 0 - 147*f - 1/12*f**4 - 1/2*f**2. Determine q(c).
4
Let n(r) = 7*r**3 - 7*r**3 - 8*r**2 + r**3 - 6*r - 21. Let w be n(9). Let z be (w/15)/(1 - (-16)/(-20)). Let i(p) = 5*p - 2. Gi